{"id":1795,"date":"2023-10-06T19:38:35","date_gmt":"2023-10-06T16:38:35","guid":{"rendered":"https:\/\/kolon-guclendirme.com\/fatih\/fatih-karbon-guclendirme-resimleri\/"},"modified":"2023-10-06T19:38:35","modified_gmt":"2023-10-06T16:38:35","slug":"fatih-karbon-guclendirme-resimleri","status":"publish","type":"page","link":"https:\/\/kolon-guclendirme.com\/fatih\/fatih-karbon-guclendirme-resimleri\/","title":{"rendered":"Fatih Karbon G\u00fc\u00e7lendirme Resimleri"},"content":{"rendered":"\n    \n    <figure class=\"wp-block-gallery has-nested-images columns-default is-cropped wp-block-gallery-1 is-layout-flex wp-block-gallery-is-layout-flex\">\n    \n        \n        <figure class=\"wp-block-image size-large\">\n        <a href=\"https:\/\/kolon-guclendirme.com\/fatih\/wp-content\/uploads\/sites\/50\/2023\/09\/Fatih-Tasiyici-duvar-takviyesi-97585.webp\">\n        <img loading=\"lazy\" decoding=\"async\" width=\"853\" height=\"1200\" data-id=\"1627\" src=\"https:\/\/kolon-guclendirme.com\/fatih\/wp-content\/uploads\/sites\/50\/2023\/09\/Fatih-Tasiyici-duvar-takviyesi-97585.webp\" alt=\"Fatih Karbon fiber teras g\u00fc\u00e7lendirme fiyat\u0131\" class=\"wp-image-1627\" srcset=\"https:\/\/kolon-guclendirme.com\/fatih\/wp-content\/uploads\/sites\/50\/2023\/09\/Fatih-Tasiyici-duvar-takviyesi-97585.webp 853w, https:\/\/kolon-guclendirme.com\/fatih\/wp-content\/uploads\/sites\/50\/2023\/09\/Fatih-Tasiyici-duvar-takviyesi-97585-768x1080.webp 768w\" sizes=\"(max-width: 853px) 100vw, 853px\" \/><\/a>\n        <\/figure>\n        \n        \n        \n        <figure class=\"wp-block-image size-large\">\n        <a href=\"https:\/\/kolon-guclendirme.com\/fatih\/wp-content\/uploads\/sites\/50\/2023\/09\/Fatih-Kolon-karbon-fiber-guclendirme-firmasi-51388.webp\">\n        <img loading=\"lazy\" decoding=\"async\" width=\"853\" height=\"1200\" data-id=\"1621\" src=\"https:\/\/kolon-guclendirme.com\/fatih\/wp-content\/uploads\/sites\/50\/2023\/09\/Fatih-Kolon-karbon-fiber-guclendirme-firmasi-51388.webp\" alt=\"Fatih Karbon fiber \u00f6mr\u00fc ne kadard\u0131r\" class=\"wp-image-1621\" srcset=\"https:\/\/kolon-guclendirme.com\/fatih\/wp-content\/uploads\/sites\/50\/2023\/09\/Fatih-Kolon-karbon-fiber-guclendirme-firmasi-51388.webp 853w, https:\/\/kolon-guclendirme.com\/fatih\/wp-content\/uploads\/sites\/50\/2023\/09\/Fatih-Kolon-karbon-fiber-guclendirme-firmasi-51388-768x1080.webp 768w\" sizes=\"(max-width: 853px) 100vw, 853px\" \/><\/a>\n        <\/figure>\n        \n        \n        \n        <figure class=\"wp-block-image size-large\">\n        <a href=\"https:\/\/kolon-guclendirme.com\/fatih\/wp-content\/uploads\/sites\/50\/2023\/09\/Fatih-Betonarme-kolon-guclendirme-firmalari-74458.webp\">\n        <img loading=\"lazy\" decoding=\"async\" width=\"853\" height=\"1200\" data-id=\"1466\" src=\"https:\/\/kolon-guclendirme.com\/fatih\/wp-content\/uploads\/sites\/50\/2023\/09\/Fatih-Betonarme-kolon-guclendirme-firmalari-74458.webp\" alt=\"Fatih Karbonla g\u00fc\u00e7lendirme nas\u0131l yap\u0131l\u0131r\" class=\"wp-image-1466\" srcset=\"https:\/\/kolon-guclendirme.com\/fatih\/wp-content\/uploads\/sites\/50\/2023\/09\/Fatih-Betonarme-kolon-guclendirme-firmalari-74458.webp 853w, https:\/\/kolon-guclendirme.com\/fatih\/wp-content\/uploads\/sites\/50\/2023\/09\/Fatih-Betonarme-kolon-guclendirme-firmalari-74458-768x1080.webp 768w\" sizes=\"(max-width: 853px) 100vw, 853px\" \/><\/a>\n        <\/figure>\n        \n        \n        \n        <figure class=\"wp-block-image size-large\">\n        <a href=\"https:\/\/kolon-guclendirme.com\/fatih\/wp-content\/uploads\/sites\/50\/2023\/09\/Fatih-Kolon-frp-elyaf-kaplama-fiyati-30379.webp\">\n        <img loading=\"lazy\" decoding=\"async\" width=\"853\" height=\"1200\" data-id=\"1613\" src=\"https:\/\/kolon-guclendirme.com\/fatih\/wp-content\/uploads\/sites\/50\/2023\/09\/Fatih-Kolon-frp-elyaf-kaplama-fiyati-30379.webp\" alt=\"Fatih Teras frp fiber g\u00fc\u00e7lendirme firmas\u0131\" class=\"wp-image-1613\" srcset=\"https:\/\/kolon-guclendirme.com\/fatih\/wp-content\/uploads\/sites\/50\/2023\/09\/Fatih-Kolon-frp-elyaf-kaplama-fiyati-30379.webp 853w, https:\/\/kolon-guclendirme.com\/fatih\/wp-content\/uploads\/sites\/50\/2023\/09\/Fatih-Kolon-frp-elyaf-kaplama-fiyati-30379-768x1080.webp 768w\" sizes=\"(max-width: 853px) 100vw, 853px\" \/><\/a>\n        <\/figure>\n        \n        \n        \n        <figure class=\"wp-block-image size-large\">\n        <a href=\"https:\/\/kolon-guclendirme.com\/fatih\/wp-content\/uploads\/sites\/50\/2023\/09\/Fatih-Teras-carbon-kece-kaplama-79399.webp\">\n        <img loading=\"lazy\" decoding=\"async\" width=\"853\" height=\"1200\" data-id=\"1646\" src=\"https:\/\/kolon-guclendirme.com\/fatih\/wp-content\/uploads\/sites\/50\/2023\/09\/Fatih-Teras-carbon-kece-kaplama-79399.webp\" alt=\"Fatih Carbon fiber teras g\u00fc\u00e7lendirme firmalar\u0131\" class=\"wp-image-1646\" srcset=\"https:\/\/kolon-guclendirme.com\/fatih\/wp-content\/uploads\/sites\/50\/2023\/09\/Fatih-Teras-carbon-kece-kaplama-79399.webp 853w, https:\/\/kolon-guclendirme.com\/fatih\/wp-content\/uploads\/sites\/50\/2023\/09\/Fatih-Teras-carbon-kece-kaplama-79399-768x1080.webp 768w\" sizes=\"(max-width: 853px) 100vw, 853px\" \/><\/a>\n        <\/figure>\n        \n        \n        \n        <figure class=\"wp-block-image size-large\">\n        <a href=\"https:\/\/kolon-guclendirme.com\/fatih\/wp-content\/uploads\/sites\/50\/2023\/09\/Fatih-Bina-otomasyon-sistemiyle-kolon-deformasyon-izleme-71121.webp\">\n        <img loading=\"lazy\" decoding=\"async\" width=\"853\" height=\"1200\" data-id=\"1479\" src=\"https:\/\/kolon-guclendirme.com\/fatih\/wp-content\/uploads\/sites\/50\/2023\/09\/Fatih-Bina-otomasyon-sistemiyle-kolon-deformasyon-izleme-71121.webp\" alt=\"Fatih CFRP Kiri\u015f G\u00fc\u00e7lendirme Proje Y\u00f6netimi\" class=\"wp-image-1479\" srcset=\"https:\/\/kolon-guclendirme.com\/fatih\/wp-content\/uploads\/sites\/50\/2023\/09\/Fatih-Bina-otomasyon-sistemiyle-kolon-deformasyon-izleme-71121.webp 853w, https:\/\/kolon-guclendirme.com\/fatih\/wp-content\/uploads\/sites\/50\/2023\/09\/Fatih-Bina-otomasyon-sistemiyle-kolon-deformasyon-izleme-71121-768x1080.webp 768w\" sizes=\"(max-width: 853px) 100vw, 853px\" \/><\/a>\n        <\/figure>\n        \n        \n        \n        <figure class=\"wp-block-image size-large\">\n        <a href=\"https:\/\/kolon-guclendirme.com\/fatih\/wp-content\/uploads\/sites\/50\/2023\/09\/Fatih-Frp-kece-tavan-guclendirme-yapanlar-45158.webp\">\n        <img loading=\"lazy\" decoding=\"async\" width=\"853\" height=\"1200\" data-id=\"1538\" src=\"https:\/\/kolon-guclendirme.com\/fatih\/wp-content\/uploads\/sites\/50\/2023\/09\/Fatih-Frp-kece-tavan-guclendirme-yapanlar-45158.webp\" alt=\"Fatih karbon fiber g\u00fc\u00e7lendirme malatya\" class=\"wp-image-1538\" srcset=\"https:\/\/kolon-guclendirme.com\/fatih\/wp-content\/uploads\/sites\/50\/2023\/09\/Fatih-Frp-kece-tavan-guclendirme-yapanlar-45158.webp 853w, https:\/\/kolon-guclendirme.com\/fatih\/wp-content\/uploads\/sites\/50\/2023\/09\/Fatih-Frp-kece-tavan-guclendirme-yapanlar-45158-768x1080.webp 768w\" sizes=\"(max-width: 853px) 100vw, 853px\" \/><\/a>\n        <\/figure>\n        \n        \n        \n        <figure class=\"wp-block-image size-large\">\n        <a href=\"https:\/\/kolon-guclendirme.com\/fatih\/wp-content\/uploads\/sites\/50\/2023\/09\/Fatih-Duvar-karbon-elyaf-kaplama-firmasi-27614.webp\">\n        <img loading=\"lazy\" decoding=\"async\" width=\"853\" height=\"1200\" data-id=\"1512\" src=\"https:\/\/kolon-guclendirme.com\/fatih\/wp-content\/uploads\/sites\/50\/2023\/09\/Fatih-Duvar-karbon-elyaf-kaplama-firmasi-27614.webp\" alt=\"Fatih karbon fiber g\u00fc\u00e7lendirme hesab\u0131\" class=\"wp-image-1512\" srcset=\"https:\/\/kolon-guclendirme.com\/fatih\/wp-content\/uploads\/sites\/50\/2023\/09\/Fatih-Duvar-karbon-elyaf-kaplama-firmasi-27614.webp 853w, https:\/\/kolon-guclendirme.com\/fatih\/wp-content\/uploads\/sites\/50\/2023\/09\/Fatih-Duvar-karbon-elyaf-kaplama-firmasi-27614-768x1080.webp 768w\" sizes=\"(max-width: 853px) 100vw, 853px\" \/><\/a>\n        <\/figure>\n        \n        \n        \n        <figure class=\"wp-block-image size-large\">\n        <a href=\"https:\/\/kolon-guclendirme.com\/fatih\/wp-content\/uploads\/sites\/50\/2023\/09\/Fatih-Karbon-kumas-epoksi-guclendirme-yapanlar-10812.webp\">\n        <img loading=\"lazy\" decoding=\"async\" width=\"853\" height=\"1200\" data-id=\"1591\" src=\"https:\/\/kolon-guclendirme.com\/fatih\/wp-content\/uploads\/sites\/50\/2023\/09\/Fatih-Karbon-kumas-epoksi-guclendirme-yapanlar-10812.webp\" alt=\"Fatih 1 binan\u0131n \u00f6mr\u00fc ne kadard\u0131r\" class=\"wp-image-1591\" srcset=\"https:\/\/kolon-guclendirme.com\/fatih\/wp-content\/uploads\/sites\/50\/2023\/09\/Fatih-Karbon-kumas-epoksi-guclendirme-yapanlar-10812.webp 853w, https:\/\/kolon-guclendirme.com\/fatih\/wp-content\/uploads\/sites\/50\/2023\/09\/Fatih-Karbon-kumas-epoksi-guclendirme-yapanlar-10812-768x1080.webp 768w\" sizes=\"(max-width: 853px) 100vw, 853px\" \/><\/a>\n        <\/figure>\n        \n        <\/figure>\n","protected":false},"excerpt":{"rendered":"","protected":false},"author":1,"featured_media":0,"parent":0,"menu_order":0,"comment_status":"closed","ping_status":"closed","template":"","meta":{"footnotes":""},"_links":{"self":[{"href":"https:\/\/kolon-guclendirme.com\/fatih\/wp-json\/wp\/v2\/pages\/1795"}],"collection":[{"href":"https:\/\/kolon-guclendirme.com\/fatih\/wp-json\/wp\/v2\/pages"}],"about":[{"href":"https:\/\/kolon-guclendirme.com\/fatih\/wp-json\/wp\/v2\/types\/page"}],"author":[{"embeddable":true,"href":"https:\/\/kolon-guclendirme.com\/fatih\/wp-json\/wp\/v2\/users\/1"}],"replies":[{"embeddable":true,"href":"https:\/\/kolon-guclendirme.com\/fatih\/wp-json\/wp\/v2\/comments?post=1795"}],"version-history":[{"count":0,"href":"https:\/\/kolon-guclendirme.com\/fatih\/wp-json\/wp\/v2\/pages\/1795\/revisions"}],"wp:attachment":[{"href":"https:\/\/kolon-guclendirme.com\/fatih\/wp-json\/wp\/v2\/media?parent=1795"}],"curies":[{"name":"wp","href":"https:\/\/api.w.org\/{rel}","templated":true}]}}