{"id":1796,"date":"2023-10-06T19:37:39","date_gmt":"2023-10-06T16:37:39","guid":{"rendered":"https:\/\/kolon-guclendirme.com\/besiktas\/besiktas-karbon-guclendirme-resimleri\/"},"modified":"2023-10-06T19:37:39","modified_gmt":"2023-10-06T16:37:39","slug":"besiktas-karbon-guclendirme-resimleri","status":"publish","type":"page","link":"https:\/\/kolon-guclendirme.com\/besiktas\/besiktas-karbon-guclendirme-resimleri\/","title":{"rendered":"Be\u015fikta\u015f Karbon G\u00fc\u00e7lendirme Resimleri"},"content":{"rendered":"\n    \n    <figure class=\"wp-block-gallery has-nested-images columns-default is-cropped wp-block-gallery-1 is-layout-flex wp-block-gallery-is-layout-flex\">\n    \n        \n        <figure class=\"wp-block-image size-large\">\n        <a href=\"https:\/\/kolon-guclendirme.com\/besiktas\/wp-content\/uploads\/sites\/29\/2023\/09\/Besiktas-Kompozit-malzemelerle-guclendirme-55824.webp\">\n        <img loading=\"lazy\" decoding=\"async\" width=\"853\" height=\"1200\" data-id=\"1616\" src=\"https:\/\/kolon-guclendirme.com\/besiktas\/wp-content\/uploads\/sites\/29\/2023\/09\/Besiktas-Kompozit-malzemelerle-guclendirme-55824.webp\" alt=\"Be\u015fikta\u015f FRP Kiri\u015f G\u00fc\u00e7lendirme Teknikleri\" class=\"wp-image-1616\" srcset=\"https:\/\/kolon-guclendirme.com\/besiktas\/wp-content\/uploads\/sites\/29\/2023\/09\/Besiktas-Kompozit-malzemelerle-guclendirme-55824.webp 853w, https:\/\/kolon-guclendirme.com\/besiktas\/wp-content\/uploads\/sites\/29\/2023\/09\/Besiktas-Kompozit-malzemelerle-guclendirme-55824-768x1080.webp 768w\" sizes=\"(max-width: 853px) 100vw, 853px\" \/><\/a>\n        <\/figure>\n        \n        \n        \n        <figure class=\"wp-block-image size-large\">\n        <a href=\"https:\/\/kolon-guclendirme.com\/besiktas\/wp-content\/uploads\/sites\/29\/2023\/09\/Besiktas-karbon-fiber-guclendirme-belediye-91114.webp\">\n        <img loading=\"lazy\" decoding=\"async\" width=\"853\" height=\"1200\" data-id=\"1561\" src=\"https:\/\/kolon-guclendirme.com\/besiktas\/wp-content\/uploads\/sites\/29\/2023\/09\/Besiktas-karbon-fiber-guclendirme-belediye-91114.webp\" alt=\"Be\u015fikta\u015f 3 katl\u0131 ev g\u00fc\u00e7lendirme ustas\u0131\" class=\"wp-image-1561\" srcset=\"https:\/\/kolon-guclendirme.com\/besiktas\/wp-content\/uploads\/sites\/29\/2023\/09\/Besiktas-karbon-fiber-guclendirme-belediye-91114.webp 853w, https:\/\/kolon-guclendirme.com\/besiktas\/wp-content\/uploads\/sites\/29\/2023\/09\/Besiktas-karbon-fiber-guclendirme-belediye-91114-768x1080.webp 768w\" sizes=\"(max-width: 853px) 100vw, 853px\" \/><\/a>\n        <\/figure>\n        \n        \n        \n        <figure class=\"wp-block-image size-large\">\n        <a href=\"https:\/\/kolon-guclendirme.com\/besiktas\/wp-content\/uploads\/sites\/29\/2023\/09\/Besiktas-6-katli-ev-karbon-guclendirme-firmasi-41335.webp\">\n        <img loading=\"lazy\" decoding=\"async\" width=\"853\" height=\"1200\" data-id=\"1460\" src=\"https:\/\/kolon-guclendirme.com\/besiktas\/wp-content\/uploads\/sites\/29\/2023\/09\/Besiktas-6-katli-ev-karbon-guclendirme-firmasi-41335.webp\" alt=\"Be\u015fikta\u015f Teras frp elyaf kaplama fiyat\u0131\" class=\"wp-image-1460\" srcset=\"https:\/\/kolon-guclendirme.com\/besiktas\/wp-content\/uploads\/sites\/29\/2023\/09\/Besiktas-6-katli-ev-karbon-guclendirme-firmasi-41335.webp 853w, https:\/\/kolon-guclendirme.com\/besiktas\/wp-content\/uploads\/sites\/29\/2023\/09\/Besiktas-6-katli-ev-karbon-guclendirme-firmasi-41335-768x1080.webp 768w\" sizes=\"(max-width: 853px) 100vw, 853px\" \/><\/a>\n        <\/figure>\n        \n        \n        \n        <figure class=\"wp-block-image size-large\">\n        <a href=\"https:\/\/kolon-guclendirme.com\/besiktas\/wp-content\/uploads\/sites\/29\/2023\/09\/Besiktas-CFRP-Kiris-Projesi-45888.webp\">\n        <img loading=\"lazy\" decoding=\"async\" width=\"853\" height=\"1200\" data-id=\"1506\" src=\"https:\/\/kolon-guclendirme.com\/besiktas\/wp-content\/uploads\/sites\/29\/2023\/09\/Besiktas-CFRP-Kiris-Projesi-45888.webp\" alt=\"Be\u015fikta\u015f karbon fiber g\u00fc\u00e7lendirme nereye yap\u0131l\u0131r\" class=\"wp-image-1506\" srcset=\"https:\/\/kolon-guclendirme.com\/besiktas\/wp-content\/uploads\/sites\/29\/2023\/09\/Besiktas-CFRP-Kiris-Projesi-45888.webp 853w, https:\/\/kolon-guclendirme.com\/besiktas\/wp-content\/uploads\/sites\/29\/2023\/09\/Besiktas-CFRP-Kiris-Projesi-45888-768x1080.webp 768w\" sizes=\"(max-width: 853px) 100vw, 853px\" \/><\/a>\n        <\/figure>\n        \n        \n        \n        <figure class=\"wp-block-image size-large\">\n        <a href=\"https:\/\/kolon-guclendirme.com\/besiktas\/wp-content\/uploads\/sites\/29\/2023\/09\/Besiktas-Duvar-karbon-lif-guclendirme-firmalari-22432.webp\">\n        <img loading=\"lazy\" decoding=\"async\" width=\"853\" height=\"1200\" data-id=\"1522\" src=\"https:\/\/kolon-guclendirme.com\/besiktas\/wp-content\/uploads\/sites\/29\/2023\/09\/Besiktas-Duvar-karbon-lif-guclendirme-firmalari-22432.webp\" alt=\"Be\u015fikta\u015f Bina frp elyaf g\u00fc\u00e7lendirme sistemleri\" class=\"wp-image-1522\" srcset=\"https:\/\/kolon-guclendirme.com\/besiktas\/wp-content\/uploads\/sites\/29\/2023\/09\/Besiktas-Duvar-karbon-lif-guclendirme-firmalari-22432.webp 853w, https:\/\/kolon-guclendirme.com\/besiktas\/wp-content\/uploads\/sites\/29\/2023\/09\/Besiktas-Duvar-karbon-lif-guclendirme-firmalari-22432-768x1080.webp 768w\" sizes=\"(max-width: 853px) 100vw, 853px\" \/><\/a>\n        <\/figure>\n        \n        \n        \n        <figure class=\"wp-block-image size-large\">\n        <a href=\"https:\/\/kolon-guclendirme.com\/besiktas\/wp-content\/uploads\/sites\/29\/2023\/09\/Besiktas-Karbon-elyaf-tavan-guclendirme-fiyati-3100.webp\">\n        <img loading=\"lazy\" decoding=\"async\" width=\"853\" height=\"1200\" data-id=\"1556\" src=\"https:\/\/kolon-guclendirme.com\/besiktas\/wp-content\/uploads\/sites\/29\/2023\/09\/Besiktas-Karbon-elyaf-tavan-guclendirme-fiyati-3100.webp\" alt=\"Be\u015fikta\u015f Yap\u0131 karbon fiber g\u00fc\u00e7lendirme firmas\u0131\" class=\"wp-image-1556\" srcset=\"https:\/\/kolon-guclendirme.com\/besiktas\/wp-content\/uploads\/sites\/29\/2023\/09\/Besiktas-Karbon-elyaf-tavan-guclendirme-fiyati-3100.webp 853w, https:\/\/kolon-guclendirme.com\/besiktas\/wp-content\/uploads\/sites\/29\/2023\/09\/Besiktas-Karbon-elyaf-tavan-guclendirme-fiyati-3100-768x1080.webp 768w\" sizes=\"(max-width: 853px) 100vw, 853px\" \/><\/a>\n        <\/figure>\n        \n        \n        \n        <figure class=\"wp-block-image size-large\">\n        <a href=\"https:\/\/kolon-guclendirme.com\/besiktas\/wp-content\/uploads\/sites\/29\/2023\/09\/Besiktas-Karbon-fiber-guclendirme-mantikli-mi-80150.webp\">\n        <img loading=\"lazy\" decoding=\"async\" width=\"853\" height=\"1200\" data-id=\"1566\" src=\"https:\/\/kolon-guclendirme.com\/besiktas\/wp-content\/uploads\/sites\/29\/2023\/09\/Besiktas-Karbon-fiber-guclendirme-mantikli-mi-80150.webp\" alt=\"Be\u015fikta\u015f 2 katl\u0131 yap\u0131 g\u00fc\u00e7lendirme fiyat\u0131\" class=\"wp-image-1566\" srcset=\"https:\/\/kolon-guclendirme.com\/besiktas\/wp-content\/uploads\/sites\/29\/2023\/09\/Besiktas-Karbon-fiber-guclendirme-mantikli-mi-80150.webp 853w, https:\/\/kolon-guclendirme.com\/besiktas\/wp-content\/uploads\/sites\/29\/2023\/09\/Besiktas-Karbon-fiber-guclendirme-mantikli-mi-80150-768x1080.webp 768w\" sizes=\"(max-width: 853px) 100vw, 853px\" \/><\/a>\n        <\/figure>\n        \n        \n        \n        <figure class=\"wp-block-image size-large\">\n        <a href=\"https:\/\/kolon-guclendirme.com\/besiktas\/wp-content\/uploads\/sites\/29\/2023\/09\/Besiktas-Kolon-karbon-fiber-kaplama-fiyatlari-75679.webp\">\n        <img loading=\"lazy\" decoding=\"async\" width=\"853\" height=\"1200\" data-id=\"1609\" src=\"https:\/\/kolon-guclendirme.com\/besiktas\/wp-content\/uploads\/sites\/29\/2023\/09\/Besiktas-Kolon-karbon-fiber-kaplama-fiyatlari-75679.webp\" alt=\"Be\u015fikta\u015f Betonarme bina karbon g\u00fc\u00e7lendirme yapanlar\" class=\"wp-image-1609\" srcset=\"https:\/\/kolon-guclendirme.com\/besiktas\/wp-content\/uploads\/sites\/29\/2023\/09\/Besiktas-Kolon-karbon-fiber-kaplama-fiyatlari-75679.webp 853w, https:\/\/kolon-guclendirme.com\/besiktas\/wp-content\/uploads\/sites\/29\/2023\/09\/Besiktas-Kolon-karbon-fiber-kaplama-fiyatlari-75679-768x1080.webp 768w\" sizes=\"(max-width: 853px) 100vw, 853px\" \/><\/a>\n        <\/figure>\n        \n        \n        \n        <figure class=\"wp-block-image size-large\">\n        <a href=\"https:\/\/kolon-guclendirme.com\/besiktas\/wp-content\/uploads\/sites\/29\/2023\/09\/Besiktas-Kolon-karbon-kaplama-fiyati-86423.webp\">\n        <img loading=\"lazy\" decoding=\"async\" width=\"853\" height=\"1200\" data-id=\"1610\" src=\"https:\/\/kolon-guclendirme.com\/besiktas\/wp-content\/uploads\/sites\/29\/2023\/09\/Besiktas-Kolon-karbon-kaplama-fiyati-86423.webp\" alt=\"Be\u015fikta\u015f Frp fiber kiri\u015f g\u00fc\u00e7lendirme maliyeti\" class=\"wp-image-1610\" srcset=\"https:\/\/kolon-guclendirme.com\/besiktas\/wp-content\/uploads\/sites\/29\/2023\/09\/Besiktas-Kolon-karbon-kaplama-fiyati-86423.webp 853w, https:\/\/kolon-guclendirme.com\/besiktas\/wp-content\/uploads\/sites\/29\/2023\/09\/Besiktas-Kolon-karbon-kaplama-fiyati-86423-768x1080.webp 768w\" sizes=\"(max-width: 853px) 100vw, 853px\" \/><\/a>\n        <\/figure>\n        \n        <\/figure>\n","protected":false},"excerpt":{"rendered":"","protected":false},"author":1,"featured_media":0,"parent":0,"menu_order":0,"comment_status":"closed","ping_status":"closed","template":"","meta":{"footnotes":""},"_links":{"self":[{"href":"https:\/\/kolon-guclendirme.com\/besiktas\/wp-json\/wp\/v2\/pages\/1796"}],"collection":[{"href":"https:\/\/kolon-guclendirme.com\/besiktas\/wp-json\/wp\/v2\/pages"}],"about":[{"href":"https:\/\/kolon-guclendirme.com\/besiktas\/wp-json\/wp\/v2\/types\/page"}],"author":[{"embeddable":true,"href":"https:\/\/kolon-guclendirme.com\/besiktas\/wp-json\/wp\/v2\/users\/1"}],"replies":[{"embeddable":true,"href":"https:\/\/kolon-guclendirme.com\/besiktas\/wp-json\/wp\/v2\/comments?post=1796"}],"version-history":[{"count":0,"href":"https:\/\/kolon-guclendirme.com\/besiktas\/wp-json\/wp\/v2\/pages\/1796\/revisions"}],"wp:attachment":[{"href":"https:\/\/kolon-guclendirme.com\/besiktas\/wp-json\/wp\/v2\/media?parent=1796"}],"curies":[{"name":"wp","href":"https:\/\/api.w.org\/{rel}","templated":true}]}}